 = 4*m + 30. Calculate t(-9).
-6
Let g(q) = -2*q - 1. Give g(-2).
3
Let h(s) = -s**3 - s**2 - s + 51. What is h(0)?
51
Let y(k) = -2*k - 61. Determine y(-21).
-19
Let d(t) = -45*t - 11. What is d(2)?
-101
Let d(p) = -p + 5. Give d(-12).
17
Let f(i) = -6*i**2 + 8*i - 2. Give f(4).
-66
Let v(p) = 3*p + 35. Calculate v(-9).
8
Let m(p) = -28*p + 667. Calculate m(24).
-5
Let r(f) = 2*f**3 - f**2 - 31*f - 31. What is r(-1)?
-3
Let a(q) = 2*q + 10. Calculate a(-8).
-6
Let t(h) = -h**2 - 13*h - 15. Calculate t(-15).
-45
Let u(i) = -5*i - 3. What is u(-2)?
7
Let j(d) = -d + 2. Give j(-8).
10
Let h(q) = q**3 - 9*q**2 + 3*q - 12. Give h(10).
118
Let b(d) = -d**2 - 4*d - 8. Give b(-7).
-29
Let d(o) = 3*o**2 + 88*o - 61. Calculate d(-30).
-1
Let o(r) = 2*r + 21. Calculate o(-13).
-5
Let j(o) = -o**3 - 22*o**2 - 75*o - 60. Calculate j(-18).
-6
Let z(f) = -2*f**3 - 4*f**2 + f. Determine z(-2).
-2
Let s(l) = -12*l - 6. Determine s(-3).
30
Let f(j) = 9*j + 27. Determine f(-5).
-18
Let o(u) = -34*u + 19. What is o(2)?
-49
Let y(x) = -x**2 - 6*x + 9. Determine y(-8).
-7
Let o(i) = i**2 - 11*i + 12. Give o(4).
-16
Let z(y) = y**2 - 13*y - 11. Calculate z(14).
3
Let j(n) = n**2 - 2*n + 6. What is j(5)?
21
Let t(n) = -n**3 - 7*n**2 - 4*n - 22. What is t(-7)?
6
Let b(y) = 18*y - 2. Determine b(2).
34
Let j(w) = -3*w**2 + 76*w - 35. Determine j(25).
-10
Let j(k) = -3*k - 16. Calculate j(-6).
2
Let v(s) = s**2 - 2*s - 14. Give v(-5).
21
Let k(t) = -2*t + 38. Determine k(17).
4
Let u(g) = g**3 + 5*g**2 - 7*g - 10. Determine u(-6).
-4
Let q(k) = -k**2 - 44. Give q(0).
-44
Let j(m) = m**3 + 14*m**2 + 14*m + 14. What is j(-13)?
1
Let m(z) = 2*z**3 - 20*z**2 - 14*z + 136. Give m(10).
-4
Let s(y) = -12*y - 10. Give s(-9).
98
Let z(u) = -9*u - 1. Determine z(-8).
71
Let c(d) = d + 7. Give c(-4).
3
Let w(t) = t**3 - 15*t**2 - 56*t + 34. What is w(18)?
-2
Let a(f) = 2*f**2 + 2*f + 3. Give a(-3).
15
Let c(p) = -25*p + 32. Determine c(3).
-43
Let x(q) = -12*q + 22. Calculate x(3).
-14
Let d(q) = -q**2 + 20*q - 39. Determine d(18).
-3
Let c(h) = -h**2 - 10*h - 2. What is c(-11)?
-13
Let i(j) = 3*j**2 - 6*j - 2. Give i(5).
43
Let q(i) = i**3 - 6*i**2 + 2*i - 15. What is q(6)?
-3
Let r(s) = -s**2 - 4*s - 1. Calculate r(-4).
-1
Let m(l) = 3*l**2 - 3*l + 6. What is m(5)?
66
Let g(j) = -j**2 + 8*j - 7. Calculate g(7).
0
Let g(u) = -u**2 + 7*u - 21. Give g(5).
-11
Let f(s) = -s**3 - 16*s**2 + 5*s + 39. What is f(-16)?
-41
Let m(p) = p + 4. Give m(-11).
-7
Let u(z) = z**3 + 6*z**2 - 5*z + 6. Give u(-7).
-8
Let r(y) = -88*y**3 + 2*y + 1. Calculate r(-1).
87
Let l(u) = 31*u + 178. What is l(-4)?
54
Let m(g) = -g**3 - 11*g**2 - 13*g + 42. Determine m(-9).
-3
Let s(p) = 2*p**2 + 8*p - 6. Give s(-5).
4
Let w(b) = -b**2 - 2*b - 5. Determine w(5).
-40
Let i(v) = v**2 - 5*v + 2. Determine i(3).
-4
Let d(z) = -2*z**3 - 97*z**2 + 48*z - 66. Calculate d(-49).
-17
Let q(j) = -6*j**3 + 2*j**2 + 3*j + 1. What is q(-1)?
6
Let w(q) = -2*q - 5. What is w(-1)?
-3
Let o(d) = d**3 - 14*d**2 - 25*d + 39. Determine o(16).
151
Let x(w) = 2*w**2 + 5*w - 18. Give x(-5).
7
Let z(s) = 3*s**2 - 4*s - 34. Calculate z(5).
21
Let k(g) = 3*g**2 - 27*g + 50. Calculate k(7).
8
Let y(l) = 30*l**2 + 7*l + 5. Determine y(-2).
111
Let c(w) = w**2 + 15*w + 63. What is c(-7)?
7
Let q(j) = 2*j + 19. Determine q(-8).
3
Let w(y) = -y**2 + 4*y + 18. Determine w(12).
-78
Let z(f) = f**3 + 8*f**2 - 6*f - 5. What is z(-9)?
-32
Let i(r) = 2*r**3 - 4*r**2 - 7*r + 1. What is i(3)?
-2
Let d(f) = f**3 + 9*f**2 + 2*f + 12. Give d(-9).
-6
Let f(b) = b**3 + 9*b**2 - 6*b - 8. Determine f(-9).
46
Let m(n) = 4*n**3 + n**2 - n. What is m(1)?
4
Let m(f) = f**2 - 44. Calculate m(-12).
100
Let s(k) = k + 11. Determine s(0).
11
Let k(i) = -i**3 - 81*i**2 + 91*i + 740. Calculate k(-82).
2
Let a(o) = o**2 - 19*o + 57. Calculate a(8).
-31
Let s(d) = -5*d - 12. What is s(-4)?
8
Let p(s) = s**2 - 21*s + 54. What is p(18)?
0
Let y(o) = -2*o - 6. Calculate y(0).
-6
Let b(g) = 3*g - 1. Calculate b(-7).
-22
Let o(m) = -3*m - 43. Determine o(-16).
5
Let q(s) = -5*s + 1. Determine q(-10).
51
Let k(s) = -s**2 - 7*s - 28. Calculate k(-9).
-46
Let u(n) = n**2 - 15*n - 28. Give u(16).
-12
Let g(h) = 3*h**3 + 5*h**2 + 3*h + 3. Determine g(-2).
-7
Let a(d) = d**3 + 8*d**2 + 15*d + 3. Determine a(-5).
3
Let l(q) = -32*q - 1. What is l(-1)?
31
Let o(r) = -r**2 - 16*r - 14. Calculate o(-15).
1
Let i(r) = 25*r - 8. Calculate i(3).
67
Let d(t) = -t**2 + 13*t - 9. Determine d(12).
3
Let q(t) = -2*t + 5. Determine q(9).
-13
Let a(l) = -l**3 - 11*l**2 - 13*l - 16. Give a(-10).
14
Let m(r) = r**3 + 2*r**2 + r - 9. What is m(0)?
-9
Let z(i) = -66*i - 4. Calculate z(-1).
62
Let i(w) = -2*w**3 + w**2 - w - 3. Determine i(0).
-3
Let t(j) = j**2 + 4*j + 4. What is t(-2)?
0
Let s(l) = -20*l - 5. Determine s(0).
-5
Let p(i) = -i - 3. Determine p(-12).
9
Let o(j) = j**2 - 14*j - 671. Calculate o(34).
9
Let f(u) = u**2 + 6*u - 14. Give f(-10).
26
Let k(l) = -3*l**3 - 39*l**2 - 2*l - 19. Give k(-13).
7
Let j(y) = y**3 + 11*y**2 + 5*y - 1. Calculate j(0).
-1
Let v(d) = -3*d**2 - 28*d + 22. Give v(-13).
-121
Let v(n) = -n**2 + 4*n + 2. Calculate v(-4).
-30
Let k(z) = -38*z - 118. Give k(-3).
-4
Let q(b) = 10*b**2 + b - 1. Give q(1).
10
Let l(n) = 4*n + 50. What is l(-25)?
-50
Let u(i) = 2*i**3 - 5*i**2 + 6*i - 3. What is u(4)?
69
Let r(m) = m**2 - 10*m + 22. What is r(6)?
-2
Let z(w) = w**3 - 13*w**2 - 13*w - 11. Give z(14).
3
Let u(g) = -4*g - 15. What is u(-5)?
5
Let w(n) = 5*n + 12. Calculate w(-8).
-28
Let x(m) = -m**3 - 11*m**2 + 27*m + 1. What is x(-13)?
-12
Let i(v) = 2*v - 9. What is i(11)?
13
Let n(d) = 56*d**2 + d + 1. Give n(1).
58
Let q(f) = 4*f - 1. Calculate q(1).
3
Let z(t) = 6*t + 106. What is z(-13)?
28
Let o(c) = -7*c - 6. Calculate o(6).
-48
Let m(v) = 3*v**2 + 6*v - 3. Calculate m(-2).
-3
Let d(u) = 5*u - 69. Give d(7).
-34
Let x(u) = u**2 - 3*u - 3. What is x(4)?
1
Let a(l) = l**3 + 10*l**2 + 16*l + 12. Calculate a(-8).
12
Let o(a) = -a**3 + a**2 + a + 44. What is o(0)?
44
Let r(s) = 3*s**2 + s - 7. Give r(-5).
63
Let w(g) = g**3 + 6*g**2 - 15*g - 85. What is w(-5)?
15
Let m(u) = 22*u + 1071. Calculate m(-49).
-7
Let n(v) = 15*v - 119. Determine n(7).
-14
Let d(i) = -5*i + 5. What is d(-4)?
25
Let k(t) = -2*t + 9. Determine k(-6).
21
Let b(g) = -2*g + 44. Calculate b(15).
14
Let l(n) = -n**2 + 7*n - 15. What is l(6)?
-9
Let n(b) = 3*b + 31. Determine n(-10).
1
Let w(p) = p + 3. Give w(0).
3
Let t(k) = -4*k - 12. Calculate t(-9).
24
Let g(x) = -13*x - 126. What is g(-13)?
43
Let q(h) = h**2 - 19*h + 6. Calculate q(17).
-28
Let q(n) = -n**2 + 3. Give q(0).
3
Let q(o) = o**2 + 5*o - 36. Give q(-9).
0
Let i(j) = -j**2 - 13*j - 35. Give i(-7).
7
Let v(h) = -h**3 + 3*h**2 + 8*h - 9. Determine v(4).
7
Let s(o) = o**2 + 21*o - 45. What is s(-20)?
-65
Let v(u) = u + 6. What is v(0)?
6
Let h(z) = z**2 + 14*z + 51. Determine h(-5).
6
Let v(x) = x - 74. Determine v(18).
-56
Let o(n) = 2*n**3 - 16*n**2 - 13*n + 44. What is o(8)?
-60
Let g(v) = 2*v**2 - v - 47. Give g(5).
-2
Let r(m) = -m**3 - 2*m - 1. Give r(2).
-13
Let p(g) = -g**2 + 4*g + 8. What is p(-2)?
-4
Let f(i) = -i**3 + 22*i**2 + 28*i - 107. What is f(23)?
8
Let y(w) = 2*w - 12. Calculate y(10).
8
Let m(d) = 66*d + 1060. Determine m(-16).
4
Let t(c) = -c**3 + 23*c**2 - 27*c - 18. What is t(22)?
-128
Let l(x) = -x**2 - 44*x + 2. Determine l(0).
2
Let k(o) = o**3 - 8*o**2 + 9*o - 7. What is k(6)?
-25
Let j(t) = 2*t**3 - 13*t**2 - 19*t - 42. Give j(8).
-2
Let y(q) = -2*q**2 + 6*q - 8. Give y(4).
-16
Let l(u) = u**2 + 16*u + 41. What is l(-8)?
-23
Let t(x) = 4*x - 3. Calculate t(5).
17
Let g(l) = -l**2 - 12*l - 14. Calculate g(-12).
-14
Let j(n) = -n**2 + 15*n - 3. Give j(14).
11
Let v(h) = 3*h**3 - 2*h**2 - 2*h. Give v(2).
12
Let r(z) = -z**3 + 2*z**2 - 2*z - 2. What is r(2)?
-6
Let b(y) = -y + 5. Give b(4).
1
Let d(t) = -3*t + 4. Give d(3).
-5
Let o(x) = -2*x - 4. Calculate o(5).
-14
Let u(p) = p**2 - 32*p + 128. What is u(5)?
-7
Let y(l) = -l**2 + 17*l + 23. What is y(19)?
-15
Let r(j) = -3*j**2 + 8*j + 5. Determine r(5).
-30
Let t(c) = -c**3 - 5*c**2 + 6*c + 5. What is t(-6)?
5
Let b(l) = -l**2 - 2*l + 3. Give b(-4).
-5
Let o(w) = 2*w - 1. What is o(-1)?
-3
Let p(a) = -3*a**2 + 3*a + 1. Give p(3).
-17
Let f(l) = 